{"id":87,"date":"2020-03-31T22:13:59","date_gmt":"2020-03-31T20:13:59","guid":{"rendered":"http:\/\/ny.karnasen.nu\/?page_id=87"},"modified":"2020-04-01T16:23:02","modified_gmt":"2020-04-01T14:23:02","slug":"byggnader","status":"publish","type":"page","link":"https:\/\/karnasen.nu\/?page_id=87","title":{"rendered":"Byggnader"},"content":{"rendered":"<p><img loading=\"lazy\" decoding=\"async\" class=\"alignnone size-medium wp-image-98\" src=\"http:\/\/media1.karnasen.nu\/2020\/04\/Karnasenstugan_3-300x234.jpg\" alt=\"\" width=\"300\" height=\"234\" srcset=\"https:\/\/karnasen.nu\/wp-content\/uploads\/2020\/04\/Karnasenstugan_3-300x234.jpg 300w, https:\/\/karnasen.nu\/wp-content\/uploads\/2020\/04\/Karnasenstugan_3.jpg 500w\" sizes=\"auto, (max-width: 300px) 100vw, 300px\" \/><br \/>\n<strong>K\u00e4rn\u00e5senstugan<\/strong> eller torpet Sten\u00e5sen, i folkmun<br \/>\nK\u00e4rn\u00e5sen, nybyggdes 1858 av Lars Andersson<br \/>\noch hans hustru Margareta Persdotter.<br \/>\nTorpet var den f\u00f6rsta fasta byggnaden p\u00e5 K\u00e4rn\u00e5sen.<\/p>\n<p><img loading=\"lazy\" decoding=\"async\" class=\"alignnone size-medium wp-image-93\" src=\"http:\/\/media1.karnasen.nu\/2020\/04\/Lovisebergsstugan-300x202.jpg\" alt=\"\" width=\"300\" height=\"202\" srcset=\"https:\/\/karnasen.nu\/wp-content\/uploads\/2020\/04\/Lovisebergsstugan-300x202.jpg 300w, https:\/\/karnasen.nu\/wp-content\/uploads\/2020\/04\/Lovisebergsstugan.jpg 500w\" sizes=\"auto, (max-width: 300px) 100vw, 300px\" \/><br \/>\n<strong>Lovisebergsstugan<\/strong> \u00e4r en tv\u00e5familjbostad fr\u00e5n<br \/>\nLovisebergs bruk. Innan Lovisebergsbruket lades<br \/>\nned bodde smeder i fastigheten.<br \/>\nLovisebergsstugan \u00e4r nu kuliss f\u00f6r bygdespelet &#8221;\u00c4lvdalssagan&#8221;.<\/p>\n<p><img loading=\"lazy\" decoding=\"async\" class=\"size-medium wp-image-101\" src=\"http:\/\/media1.karnasen.nu\/2020\/04\/Myrbergsstugan-300x207.jpg\" alt=\"\" width=\"300\" height=\"207\" srcset=\"https:\/\/karnasen.nu\/wp-content\/uploads\/2020\/04\/Myrbergsstugan-300x207.jpg 300w, https:\/\/karnasen.nu\/wp-content\/uploads\/2020\/04\/Myrbergsstugan.jpg 500w\" sizes=\"auto, (max-width: 300px) 100vw, 300px\" \/><br \/>\n<strong>Myrbergsstugan<\/strong> kommer fr\u00e5n Myrberget och<br \/>\nuppf\u00f6rdes p\u00e5 K\u00e4rn\u00e5sen 1942. Huset inneh\u00e5ller<br \/>\ntidstypiska f\u00f6rem\u00e5l och m\u00f6bler.<\/p>\n<p><img loading=\"lazy\" decoding=\"async\" class=\"alignnone size-medium wp-image-102\" src=\"http:\/\/media1.karnasen.nu\/2020\/04\/Smetappa-300x206.jpg\" alt=\"\" width=\"300\" height=\"206\" srcset=\"https:\/\/karnasen.nu\/wp-content\/uploads\/2020\/04\/Smetappa-300x206.jpg 300w, https:\/\/karnasen.nu\/wp-content\/uploads\/2020\/04\/Smetappa.jpg 500w\" sizes=\"auto, (max-width: 300px) 100vw, 300px\" \/><br \/>\n<strong>Smet\u00e4ppa<\/strong> \u00e4r en mang\u00e5rdsbyggnad fr\u00e5n en mindre<br \/>\ng\u00e5rd i V\u00e4stra Skymn\u00e4s. I stort sett samtliga m\u00f6bler<br \/>\np\u00e5 nedre v\u00e5ningen medf\u00f6ljde huset. P\u00e5 \u00f6verv\u00e5ningen<br \/>\nfinns ett skolmuseum och en kl\u00e4dkammare med<br \/>\nbl.a. en gammal Dalbydr\u00e4kt. I den stora bakugnen<br \/>\ngr\u00e4ddas den goda Smet\u00e4ppkakan.<br \/>\nHuset flyttades till K\u00e4rn\u00e5sen 1973.<\/p>\n<p><img loading=\"lazy\" decoding=\"async\" class=\"alignnone size-medium wp-image-103\" src=\"http:\/\/media1.karnasen.nu\/2020\/04\/Dagsverksstugan-300x203.jpg\" alt=\"\" width=\"300\" height=\"203\" srcset=\"https:\/\/karnasen.nu\/wp-content\/uploads\/2020\/04\/Dagsverksstugan-300x203.jpg 300w, https:\/\/karnasen.nu\/wp-content\/uploads\/2020\/04\/Dagsverksstugan.jpg 500w\" sizes=\"auto, (max-width: 300px) 100vw, 300px\" \/><br \/>\n<strong>Dagsverksstugan<\/strong> som kommer fr\u00e5n Uddeholm<br \/>\nvar ursprungligen \u00f6vernattningsstuga f\u00f6r de torpare<br \/>\nsom arrenderade mark av Uddeholmsbolaget.<br \/>\nIst\u00e4llet f\u00f6r att betala arrendet med pengar fick de<br \/>\ng\u00f6ra dagsverken p\u00e5 Uddeholmsbolagets stora lantbruk.<br \/>\nDe \u00f6vernattade och lagade mat i detta hus.<br \/>\nHuset flyttades till K\u00e4rn\u00e5sen i b\u00f6rjan p\u00e5 1970-talet.<\/p>\n<p><img loading=\"lazy\" decoding=\"async\" class=\"size-medium wp-image-108\" src=\"http:\/\/media1.karnasen.nu\/2020\/04\/Finnskogalogen_2-300x194.jpg\" alt=\"\" width=\"300\" height=\"194\" srcset=\"https:\/\/karnasen.nu\/wp-content\/uploads\/2020\/04\/Finnskogalogen_2-300x194.jpg 300w, https:\/\/karnasen.nu\/wp-content\/uploads\/2020\/04\/Finnskogalogen_2.jpg 500w\" sizes=\"auto, (max-width: 300px) 100vw, 300px\" \/><\/p>\n<p><strong>Finnskogalogen <\/strong>kommer fr\u00e5n B\u00e5tstad i Norra Finnskoga.<br \/>\nDen flyttades och var klar till midsommar 1972.<br \/>\nNedre v\u00e5ningen \u00e4r idag servering och ibland anv\u00e4nds<br \/>\nloggolvet till dans. P\u00e5 \u00f6vre v\u00e5ningen finns ett stort<br \/>\nrum inrett f\u00f6r olika sammankomster och den<br \/>\nnorra halvan inrymmer ett av v\u00e5ra mus\u00e9er.<\/p>\n<p><img loading=\"lazy\" decoding=\"async\" class=\"size-medium wp-image-110\" src=\"http:\/\/media1.karnasen.nu\/2020\/04\/Hornstugan_2-300x213.jpg\" alt=\"\" width=\"300\" height=\"213\" srcset=\"https:\/\/karnasen.nu\/wp-content\/uploads\/2020\/04\/Hornstugan_2-300x213.jpg 300w, https:\/\/karnasen.nu\/wp-content\/uploads\/2020\/04\/Hornstugan_2.jpg 500w\" sizes=\"auto, (max-width: 300px) 100vw, 300px\" \/><\/p>\n<p><strong>H\u00f6rnstugan <\/strong>kommer fr\u00e5n H\u00f6gberg och \u00e4r en<br \/>\nmindre g\u00e5rd byggd 1783. Huset har varit bebott<br \/>\nfram till och med 1950-talet men aldrig r\u00f6df\u00e4rgats.<br \/>\n1984 stod det klart p\u00e5 K\u00e4rn\u00e5sen och anv\u00e4nds<br \/>\nfr\u00e4mst f\u00f6r utst\u00e4llningar.<br \/>\nNumer huserar K\u00e4rn\u00e5sens Rovdjursexpo h\u00e4r.<\/p>\n<p><img loading=\"lazy\" decoding=\"async\" class=\"alignnone size-medium wp-image-112\" src=\"http:\/\/media1.karnasen.nu\/2020\/04\/By_Missionshus_2-300x199.jpg\" alt=\"\" width=\"300\" height=\"199\" srcset=\"https:\/\/karnasen.nu\/wp-content\/uploads\/2020\/04\/By_Missionshus_2-300x199.jpg 300w, https:\/\/karnasen.nu\/wp-content\/uploads\/2020\/04\/By_Missionshus_2.jpg 500w\" sizes=\"auto, (max-width: 300px) 100vw, 300px\" \/><br \/>\n<strong>By Missionshus <\/strong>sk\u00e4nktes till Hembygdsf\u00f6reningen<br \/>\nav Norra R\u00e5da Missionsf\u00f6rsamling 1989.<br \/>\nFr\u00e5n f\u00f6rsta b\u00f6rjan var huset en aff\u00e4r men<br \/>\nblev missionshus p\u00e5 1920-talet.<\/p>\n<p><img loading=\"lazy\" decoding=\"async\" class=\"alignnone size-medium wp-image-114\" src=\"http:\/\/media1.karnasen.nu\/2020\/04\/Satern2-300x202.jpg\" alt=\"\" width=\"300\" height=\"202\" srcset=\"https:\/\/karnasen.nu\/wp-content\/uploads\/2020\/04\/Satern2-300x202.jpg 300w, https:\/\/karnasen.nu\/wp-content\/uploads\/2020\/04\/Satern2.jpg 500w\" sizes=\"auto, (max-width: 300px) 100vw, 300px\" \/><br \/>\n<strong>S\u00e4tern. <\/strong>Under tv\u00e5 veckor \u00e4r K\u00e4rn\u00e5sens s\u00e4ter<br \/>\nlevande med kor och kalvar. H\u00e4r tillverkas sm\u00f6r<br \/>\noch s\u00f6tost, som finns att k\u00f6pa i m\u00e5n av tillg\u00e5ng.<\/p>\n<p><img loading=\"lazy\" decoding=\"async\" class=\"alignnone size-medium wp-image-116\" src=\"http:\/\/media1.karnasen.nu\/2020\/04\/Stolletboden-200x300.jpg\" alt=\"\" width=\"200\" height=\"300\" srcset=\"https:\/\/karnasen.nu\/wp-content\/uploads\/2020\/04\/Stolletboden-200x300.jpg 200w, https:\/\/karnasen.nu\/wp-content\/uploads\/2020\/04\/Stolletboden.jpg 334w\" sizes=\"auto, (max-width: 200px) 100vw, 200px\" \/><br \/>\n<strong>St\u00f6lletboden <\/strong>\u00e4r en matbod som<br \/>\nursprungligen kommer fr\u00e5n St\u00f6llet.<br \/>\n1941 stod den f\u00e4rdig p\u00e5 K\u00e4rn\u00e5sen.<\/p>\n","protected":false},"excerpt":{"rendered":"<p>K\u00e4rn\u00e5senstugan eller torpet Sten\u00e5sen, i folkmun K\u00e4rn\u00e5sen, nybyggdes 1858 av Lars Andersson och hans hustru Margareta Persdotter. Torpet var den f\u00f6rsta fasta byggnaden p\u00e5 K\u00e4rn\u00e5sen. Lovisebergsstugan \u00e4r en tv\u00e5familjbostad fr\u00e5n Lovisebergs bruk. Innan Lovisebergsbruket lades ned bodde smeder i fastigheten. Lovisebergsstugan \u00e4r nu kuliss f\u00f6r bygdespelet &#8221;\u00c4lvdalssagan&#8221;. Myrbergsstugan kommer fr\u00e5n Myrberget och uppf\u00f6rdes p\u00e5 K\u00e4rn\u00e5sen [&hellip;]<\/p>\n","protected":false},"author":1,"featured_media":0,"parent":0,"menu_order":0,"comment_status":"closed","ping_status":"closed","template":"","meta":{"footnotes":""},"class_list":["post-87","page","type-page","status-publish","hentry"],"_links":{"self":[{"href":"https:\/\/karnasen.nu\/index.php?rest_route=\/wp\/v2\/pages\/87","targetHints":{"allow":["GET"]}}],"collection":[{"href":"https:\/\/karnasen.nu\/index.php?rest_route=\/wp\/v2\/pages"}],"about":[{"href":"https:\/\/karnasen.nu\/index.php?rest_route=\/wp\/v2\/types\/page"}],"author":[{"embeddable":true,"href":"https:\/\/karnasen.nu\/index.php?rest_route=\/wp\/v2\/users\/1"}],"replies":[{"embeddable":true,"href":"https:\/\/karnasen.nu\/index.php?rest_route=%2Fwp%2Fv2%2Fcomments&post=87"}],"version-history":[{"count":17,"href":"https:\/\/karnasen.nu\/index.php?rest_route=\/wp\/v2\/pages\/87\/revisions"}],"predecessor-version":[{"id":119,"href":"https:\/\/karnasen.nu\/index.php?rest_route=\/wp\/v2\/pages\/87\/revisions\/119"}],"wp:attachment":[{"href":"https:\/\/karnasen.nu\/index.php?rest_route=%2Fwp%2Fv2%2Fmedia&parent=87"}],"curies":[{"name":"wp","href":"https:\/\/api.w.org\/{rel}","templated":true}]}}